t is the highest common divisor of 15 and 125781290?
5
What is the highest common divisor of 89584 and 134816?
176
Calculate the greatest common factor of 63393 and 318886.
1921
Calculate the highest common factor of 230679580 and 6208.
388
What is the greatest common factor of 470 and 782770?
10
What is the greatest common factor of 123 and 8391675?
123
What is the greatest common factor of 169 and 11098737?
169
Calculate the greatest common factor of 1673016 and 52.
4
What is the greatest common divisor of 40393764 and 45828?
2412
What is the highest common factor of 620 and 3532698?
62
Calculate the greatest common factor of 157346512 and 2215.
443
What is the highest common factor of 2053548 and 13398?
1218
What is the highest common factor of 420 and 15034980?
60
Calculate the greatest common divisor of 22592419 and 3387.
1129
What is the greatest common factor of 2694 and 134757921?
1347
What is the greatest common divisor of 3346 and 1279222?
14
What is the greatest common divisor of 32634 and 184380287?
1813
Calculate the greatest common divisor of 703970 and 170765.
3485
What is the greatest common factor of 105320 and 3560?
40
What is the greatest common factor of 250 and 154074425?
25
What is the highest common factor of 10032 and 104385468?
2508
Calculate the greatest common divisor of 34013 and 95146.
113
Calculate the highest common factor of 4170 and 313975146.
834
Calculate the highest common factor of 637831680 and 75.
15
Calculate the greatest common factor of 875750 and 248.
62
What is the greatest common divisor of 41344 and 156944?
272
Calculate the greatest common divisor of 169385481 and 63.
9
Calculate the greatest common factor of 572256 and 23584.
32
What is the greatest common divisor of 20220 and 8388604?
1348
What is the highest common factor of 27113806 and 73?
73
What is the greatest common factor of 37910175 and 225?
75
What is the highest common factor of 55168324 and 14877?
551
Calculate the greatest common factor of 849120 and 85.
5
Calculate the greatest common divisor of 57366 and 147222.
18
Calculate the greatest common divisor of 69975 and 2414295.
45
What is the greatest common divisor of 1 and 178203643?
1
Calculate the highest common factor of 26074450 and 6250.
50
What is the highest common divisor of 238793760 and 30?
30
Calculate the greatest common factor of 705 and 8781339.
141
Calculate the highest common factor of 16048 and 1628056.
136
What is the greatest common factor of 68 and 10994206?
34
Calculate the highest common divisor of 34172838 and 2772.
126
What is the highest common divisor of 96276 and 6554?
226
Calculate the highest common factor of 4 and 10885454.
2
What is the greatest common factor of 2464640 and 50?
10
Calculate the greatest common divisor of 899560 and 1160.
40
Calculate the greatest common factor of 429183 and 215.
43
Calculate the highest common divisor of 63162 and 26154.
18
What is the highest common divisor of 21 and 4266597?
3
Calculate the greatest common divisor of 2235528 and 3192984.
4392
Calculate the highest common divisor of 18065149 and 1453.
1453
Calculate the greatest common divisor of 26551 and 37303.
7
Calculate the highest common divisor of 2410003 and 143359.
271
Calculate the highest common factor of 2542994 and 352090.
274
Calculate the greatest common factor of 352272 and 116112.
1968
What is the greatest common divisor of 9359967 and 6231?
201
What is the greatest common divisor of 17 and 32857974?
17
What is the greatest common factor of 627875 and 10125?
125
Calculate the greatest common factor of 93322 and 11426.
58
Calculate the highest common factor of 9 and 61573977.
9
What is the greatest common factor of 1808346 and 68634?
246
Calculate the greatest common factor of 20501520 and 96.
48
What is the greatest common divisor of 649 and 16217861?
649
What is the highest common factor of 428239 and 467?
467
What is the greatest common divisor of 104 and 39885690?
26
What is the highest common divisor of 83961 and 3071160?
171
What is the highest common factor of 545982696 and 301?
301
What is the greatest common factor of 1056 and 4931256?
264
Calculate the greatest common factor of 179674 and 6710.
22
What is the greatest common factor of 2882 and 91551970?
262
Calculate the highest common divisor of 124 and 36421342.
62
Calculate the greatest common divisor of 4456 and 89048.
8
What is the highest common factor of 19968 and 37142016?
1536
What is the greatest common factor of 18371873 and 65?
13
Calculate the greatest common divisor of 20870176 and 10978.
998
Calculate the highest common factor of 308592 and 42396.
12
What is the highest common divisor of 92 and 13735968?
92
What is the highest common divisor of 400 and 138552200?
200
Calculate the greatest common divisor of 608 and 1681696.
32
Calculate the greatest common factor of 6936396 and 12109860.
16476
What is the greatest common factor of 69107 and 149582?
29
What is the highest common factor of 15128509 and 121?
121
Calculate the greatest common divisor of 12289910 and 232.
58
What is the highest common factor of 70803991 and 33671?
3061
Calculate the greatest common divisor of 873264 and 485448.
2712
What is the highest common factor of 2371784 and 1944?
8
What is the greatest common divisor of 24332420 and 200?
20
What is the greatest common divisor of 69253 and 4393?
23
Calculate the greatest common divisor of 9 and 18151569.
9
What is the greatest common factor of 637 and 1687819?
7
What is the greatest common factor of 19 and 15852327?
19
Calculate the greatest common factor of 12434064 and 2324.
332
What is the greatest common factor of 1140490147 and 201?
67
Calculate the greatest common divisor of 400 and 29045.
5
What is the highest common factor of 269836 and 56?
28
Calculate the greatest common factor of 11520 and 27570944.
256
What is the greatest common factor of 1057 and 65457?
7
What is the greatest common divisor of 48 and 34234896?
48
Calculate the greatest common divisor of 9570 and 482450.
10
Calculate the highest common divisor of 198417267 and 279.
279
What is the greatest common factor of 1013842 and 235961?
1129
Calculate the greatest common factor of 453074452 and 1115.
223
Calculate the greatest common factor of 84 and 2968000.
28
Calculate the highest common divisor of 21168 and 188784.
432
What is the highest common divisor of 110530940 and 35360?
4420
What is the highest common divisor of 63 and 2460038?
7
Calculate the greatest common factor of 832875 and 210.
15
Calculate the greatest common factor of 40980 and 75.
15
Calculate the highest common divisor of 262343 and 50697.
43
What is the highest common factor of 1264320 and 26460?
180
What is the highest common factor of 124344 and 635850?
2826
Calculate the greatest common factor of 92 and 15198124.
92
What is the highest common factor of 506046 and 15054?
1158
What is the greatest common factor of 10204 and 304515421?
2551
Calculate the highest common factor of 3801 and 315960297.
543
What is the greatest common factor of 1204 and 15467186?
602
What is the greatest common divisor of 2948576 and 1824?
32
Calculate the highest common factor of 15953175 and 175.
175
Calculate the highest common factor of 1042680 and 6456.
24
Calculate the greatest common factor of 350 and 7429550.
50
What is the greatest common factor of 7581 and 451326?
57
Calculate the highest common factor of 46 and 1176128.
46
Calculate the greatest common divisor of 26138 and 7559483.
1867
Calculate the greatest common factor of 19976 and 306384397.
2497
What is the highest common factor of 6548661 and 49?
7
What is the highest common divisor of 444 and 151945606?
74
What is the greatest common divisor of 7348 and 116864?
44
What is the highest common divisor of 61185 and 241905?
15
What is the highest common factor of 52940535 and 15?
15
What is the greatest common divisor of 16 and 63821768?
8
Calculate the greatest common factor of 6940 and 10449905.
1735
Calculate the highest common factor of 85019560 and 120.
40
What is the highest common divisor of 124985 and 1310?
5
Calculate the highest common divisor of 202677 and 66.
3
What is the highest common factor of 64810768 and 11?
11
What is the highest common divisor of 4509 